2 = -5*p, 4*p - 7 + 0 = -5*i. Let y(f) = -177*f + 1595. Let d be y(9). What are the prime factors of i/((-9)/(-366)) + d?
2, 31
Let y be ((-2)/3)/(-3 - (-8)/3). Let c be (3/y)/((-3)/(-40)). List the prime factors of (-4 + 36/8)*c.
2, 5
Let n be 2*38217/9*(-6)/(-4). Suppose -49*w + 38121 = n. What are the prime factors of w?
2, 7, 37
Let d(s) = -6*s + 372*s**3 + 0 - s**2 - 379*s**3 + 4*s + 3. List the prime factors of d(-3).
3, 7
Let j(t) = t + 1. Let g be j(3). Suppose -384 = -2*h - g*b, -3*h - 2*h - 5*b + 985 = 0. Suppose h = 2*z - 432. List the prime factors of z.
317
Let f = -17142 + 47776. List the prime factors of f.
2, 17, 53
Let w = -11 - -20. Let p(y) = -3*y + 2. Let t(k) = 10*k - 6. Let l(v) = 11*p(v) + 4*t(v). What are the prime factors of l(w)?
61
Let n(m) = 11*m**2 - 23*m + 154. Suppose 0 = 7*q - 36 - 41. List the prime factors of n(q).
2, 7, 11
Suppose 6*g = -0*g + 90. Suppose -3*t + 132 = -g. Let v = 148 - t. What are the prime factors of v?
3, 11
Suppose 5*u = 3*o - 140, -2*u - 102 - 106 = -5*o. Suppose i - 4*x = x + o, -x - 104 = -5*i. Suppose i*m = 27*m - 1015. List the prime factors of m.
5, 29
Let v(j) = 1027*j + 581. List the prime factors of v(8).
19, 463
Let o(c) = 17*c**2 - 17*c + 48. Let a be o(7). Let f = -143 + a. List the prime factors of f.
619
Let h = -10 + 14. Suppose -4*q + 136 = 2*r, 0*r - h*q - 112 = -2*r. What are the prime factors of 0 - r*(-4)/8?
31
Let r = 3 - 1. Suppose 2*m + r*x = 1314, 9*x + 1309 = 2*m + 10*x. What are the prime factors of m?
2, 163
Suppose o = -98 + 105. Suppose -3*g = 3*r - 18, -5*g = -r - o*g + 8. List the prime factors of 16/r - (-56 - 3).
3, 7
Suppose -4 = -7*g + 31. Suppose -g*k + 3056 - 696 = 0. What are the prime factors of k?
2, 59
Suppose x + 12 - 8 = 0, -4*b - 3*x + 1376 = 0. What are the prime factors of b*(-1 - -4 - 2)?
347
Suppose -z = 8 - 1. Suppose -4*o + 0*o = 252. List the prime factors of 684/o*z/2.
2, 19
Let b be ((-18)/(-15))/((-4)/(-10)). Suppose 4*p - 1740 = b*n + 37, n - p = -593. List the prime factors of ((n/3)/(-5))/((-1)/(-3)).
7, 17
Let q be 0/(-2 + 7) + -3 - -9. List the prime factors of (q - 70/20)/(1/98).
5, 7
Let g(k) = -26*k - 15. Let r = -21 - -15. Let v be g(r). Suppose -v = -3*h + 198. What are the prime factors of h?
113
Let y(v) = 555*v**2 + 3*v + 69. List the prime factors of y(-5).
3, 4643
Let f(t) = -173*t - 892. List the prime factors of f(-27).
3779
Suppose 2*n + 46 + 2 = 0. Let k be (-42)/(-10) - n/30. Suppose 128 + 117 = k*p. What are the prime factors of p?
7
Suppose 0 = -l - 2*w + 498, -368 = -l + w + 118. What are the prime factors of l?
2, 5, 7
Let z(g) = -69*g - 14. Let k(y) = -73*y - 9. Let t(b) = 36*b + 5. Let n(x) = -2*k(x) - 5*t(x). Let j(u) = 5*n(u) - 3*z(u). List the prime factors of j(1).
2, 11
Let i = -216 - -4456. List the prime factors of i.
2, 5, 53
Let a = -60 - -62. Suppose 0*b + 4*b + 3*u = 1509, -4*u = -a*b + 738. Let v = b - 210. List the prime factors of v.
3, 5, 11
Let x = -13269 + 21794. What are the prime factors of x?
5, 11, 31
Suppose -4*c = 3*s - 5*s + 106, 4*c = -5*s + 265. Let p = -1522 - -1526. Suppose 3*g + 2*g - 59 = -p*v, 3*g - 2*v = s. List the prime factors of g.
3, 5
Let z(a) = -a**2 + 8*a + 50. Let j be z(12). Suppose -3*r + b + 4549 = -564, j*r + 3*b - 3405 = 0. List the prime factors of r.
2, 3, 71
Let d(f) = -4586*f - 5287. List the prime factors of d(-9).
7, 53, 97
Let l = 30 + -25. What are the prime factors of 0/(-3) + l - -523?
2, 3, 11
Let y(n) = -21*n - 112. Let x be y(-8). Suppose -410 = -2*r + x. List the prime factors of r.
233
What are the prime factors of (1 - 1/5)*(-173960)/(-16)?
2, 4349
Let i be 4/(-20) + (-6273)/(-15). Let a be (8 + -4)*1 - i. Let c = a - -717. List the prime factors of c.
3, 101
Suppose f = -4*u + 29245, 5*u + 171573 = 5*f + 25523. List the prime factors of f.
3, 9739
List the prime factors of (-2)/(4/(-15082))*2.
2, 7541
Suppose -48*v = 205035 - 841515. List the prime factors of v.
2, 3, 5, 13, 17
Suppose -1154*b + 1150*b - 60329 = -3*p, 20098 = p + b. What are the prime factors of p?
3, 6701
What are the prime factors of 0 - 0 - 71*(-3822)/7?
2, 3, 7, 13, 71
Let p(r) = -8*r**3 + 10*r**2 - 72*r - 578. List the prime factors of p(-9).
2, 839
Let l = -225 + -582. Let r = l - -1272. List the prime factors of r.
3, 5, 31
Let j(b) be the second derivative of b**4/4 - 13*b**3/6 + 9*b**2/2 + 23*b. Let f(q) = -q**3 - 3*q**2 + 3*q + 4. Let h be f(-4). List the prime factors of j(h).
97
List the prime factors of (270/(-675))/((-8)/(-2370))*-630.
3, 5, 7, 79
Let u(x) = 4*x + 6. Let i be u(-3). Let b be 167/i + (-1)/6. Let y = b + 98. What are the prime factors of y?
2, 5, 7
What are the prime factors of (-4)/(-10) - (5 + 632/(-160))*-17932?
19, 991
Suppose 5*p + 2*i - 15 = -13, -5 = -5*i. Suppose 2*t + 3*j - 888 = -p*t, t + 3*j = 444. What are the prime factors of t?
2, 3, 37
Suppose 0 = -14*n + 10*n - 5184. Let l = n - -2473. What are the prime factors of l?
11, 107
Suppose 11*q + 10 = q. List the prime factors of 1*((-3 - q) + 6).
2
Suppose 0 = 5*k + 3*a - 188, -8*a = -3*k - 10*a + 112. What are the prime factors of 385*(5 + (-128)/k)?
3, 7, 11
Suppose 2*b + 2*v = 752, 1616*b - 2*v + 1129 = 1619*b. List the prime factors of b.
13, 29
Suppose 17 = -2*v - 5*h, -24 = -4*v + h - 3. Suppose 0*l - 4*l + 3*m = -1144, v*m + 1431 = 5*l. List the prime factors of l.
283
Let n = -264 - -269. Suppose -4*w + 16 = 0, -2*z - n*w - 61 + 603 = 0. What are the prime factors of z?
3, 29
Suppose 3*u - 1286 = 5011. Suppose 0 = -5*c + 3*n + 3250, 5*c + 5*n + 1468 = 4718. Suppose 7*z + c - u = 0. List the prime factors of z.
3, 23
Let m be 1 - -11 - (-1 - -1). Suppose 15*v - m*v + 180 = 0. Let i = 8 - v. What are the prime factors of i?
2, 17
Let x(l) = 78*l**2 + 15*l + 15. What are the prime factors of x(-3)?
2, 3, 7
Suppose -2*k - 2*h + 5 + 5 = 0, -4*k = -4*h + 20. Suppose k = -27*u + 19757 - 6608. What are the prime factors of u?
487
Let n(v) = v**2 - v + 12. Let u be n(13). Suppose 9*m - 7*m - x - 318 = 0, -4*x = m - u. What are the prime factors of m?
2, 5
Let q(f) = 9*f**2 + 161*f - 58. Let z be q(-19). Suppose -6*m + 16 = -2*m. Suppose 5*t = -25, z = m*b + t - 523. What are the prime factors of b?
3, 5, 11
Suppose 179502 - 26366 = 16*w. List the prime factors of w.
17, 563
Let z = -190 + 219. Suppose -30*l + z*l - 1262 = -2*r, r - 626 = 3*l. What are the prime factors of r?
2, 79
What are the prime factors of (8 + 275/(-33))*(-4 - 578)?
2, 97
Let c(j) = 12*j + 11. Let v(k) = -k + 1. Let a(f) = c(f) - 4*v(f). Let h = 4 - 0. List the prime factors of a(h).
71
Suppose -3*c + 3*b = 36, 2*c - 40 = 5*c - 2*b. Let m(h) = -8*h - 52. Let v(d) = 7*d + 51. Let p(q) = 5*m(q) + 4*v(q). List the prime factors of p(c).
2, 17
What are the prime factors of (-1 - -7)*-1 - 5400/(-3)?
2, 3, 13, 23
Let b(p) = 2*p**2 - 4*p - 6. Suppose 7*u + 53 = 18. Let r be b(u). Let a = 124 + r. What are the prime factors of a?
2, 47
Let x = 657 - -5427. List the prime factors of x.
2, 3, 13
Let b(k) = -4*k**3 + 4*k - 3. Let x be b(1). Let h be 2 + (0 + 0 - -2). List the prime factors of 6*((h - x) + 1).
2, 3
Let k = 5990 - -9244. What are the prime factors of k?
2, 3, 2539
Let v be (-79)/(-237)*(1 + (-1 - 0)). Suppose -2*q + 2*k + 2434 = v, -5*q + 3*k + 2475 = -3604. List the prime factors of q.
2, 607
Suppose 5*h + a = -2*a + 102141, 0 = 4*h + 12*a - 81780. What are the prime factors of h?
2, 3, 23, 37
Let r = -44 - -39. Let a(p) = 11*p**2 - 2*p + 4. Let l be a(r). Suppose -4*x + 292 = 4*g, -5*x + x - 5*g + l = 0. What are the prime factors of x?
2, 19
Suppose -f + 57 = -99. Let q = f + -156. Suppose 672 = 4*t + 4*l, q = -2*l - 2*l + 20. List the prime factors of t.
163
Let b = 5399 + -3555. What are the prime factors of b?
2, 461
Let v = 2 - 0. Let s(o) = 4651*o - 4522*o + 1 - 2. What are the prime factors of s(v)?
257
Let p(f) = -16*f - 11. Let k(n) = n + 1. Let w(q) = 5*k(q) + p(q). Let o(s) = -12*s - 6. Let l(z) = 6*o(z) - 9*w(z). What are the prime factors of l(4)?
2, 3, 7
Let i(r) = r**3 + 8 - 2*r**2 - 3*r - 2*r**3 + 8*r**2. Let t = -601 + 606. What are the prime factors of i(t)?
2, 3
Let x = 194992 - 128382. List the prime factors of x.
2, 5, 6661
Suppose -z = 815 - 74. Let s = -173 - z. List the prime factors of s